/(-3) - 1/3 is divided by t?
25
Let p(r) = -2*r**3 - 2*r**2 - 8*r - 5. What is the remainder when p(-2) is divided by 14?
5
Suppose -3*g + 368 = -x, -16*g + 18*g + 5*x - 234 = 0. What is the remainder when g is divided by 21?
17
Suppose 17*b - 264 + 128 = 0. Calculate the remainder when 1390 is divided by b.
6
Suppose -4*o + 50 = 2*r, 0*r = -4*r - 4. What is the remainder when 309 is divided by o?
10
What is the remainder when (75/(-35))/5 + 2728/28 is divided by 7?
6
Let t = 486 + -744. Let s = -184 - t. Calculate the remainder when s is divided by 25.
24
Suppose -672 = 18*r - 2490. Calculate the remainder when r is divided by 13.
10
Suppose -7*k + 4*k + 5*o = -51, -o + 25 = k. Suppose k*q - 27*q = -125. Let l(v) = 6*v - 3. What is the remainder when q is divided by l(2)?
7
Let m be 129/(-86)*14/(-3). Let o(q) = -q**2 + 8*q - 3. Let r be o(5). Suppose 3*k + r = m*k. Calculate the remainder when k is divided by 1.
0
Suppose 3*r = -2*r + 45. Suppose -r*l = -4*l - 280. Let m(k) = k**2 + 2*k + 4. Calculate the remainder when l is divided by m(3).
18
Let h(l) = -2*l**2 + 44*l - 111. Calculate the remainder when 690 is divided by h(15).
96
Suppose -3*w = 2*s - 279, -19*w + 16*w + s + 288 = 0. Calculate the remainder when w is divided by 22.
7
Let v(w) = w**3 + 12*w**2 - 12*w + 16. Let m = -6 + -7. Let p be v(m). Suppose x - 83 = -0*x - 2*b, -15 = -p*b. Calculate the remainder when x is divided by 19.
16
Let b = 25 + 9. Let s = 47 - b. What is the remainder when s is divided by 7?
6
Suppose 26 = 4*l - 5*z, -z + 3*z + 8 = l. Suppose 3*o - 9 = 0, c = -0*c + 2*o - l. Calculate the remainder when 8 is divided by c.
0
Let j = -67 + 104. Let d be ((-4)/2 - -21) + -3. Let w = -6 + d. Calculate the remainder when j is divided by w.
7
Let y(g) = -g**2 + 8*g + 40. Calculate the remainder when 169 is divided by y(8).
9
Let q = -19 + 19. Suppose 5*u - 80 = -4*x - q*u, 4*u = -5*x + 100. Let z = x - -7. What is the remainder when z is divided by 11?
5
Let q(r) = r**3 + r**2 - 4*r + 2. Let j = -20 + 16. Let d be q(j). Calculate the remainder when (-1204)/d - (-14)/(-105) is divided by 14.
12
Let i(g) = -g - 12. Let w be i(-14). Suppose -4*k - f = -30, -w = -0*f - f. Calculate the remainder when 19 is divided by k.
5
Suppose 52*d + 84 = 58*d. Calculate the remainder when 78 is divided by d.
8
Suppose -2*s - 32 = -3*s. Suppose 0*q - 4 = q, 0 = -2*l + 2*q + s. Suppose 0 = -0*p - p + l. What is the remainder when 21 is divided by p?
9
Suppose 4*n = -4*r + 20, 15 = 3*r + 2*n + 2*n. Let h(w) = w**3 - 6*w - 2. What is the remainder when h(r) is divided by 12?
9
Suppose -2*q + q + 12 = 0. Suppose 3*m = -0*m - b + 8, 0 = m + 3*b - 8. Calculate the remainder when 3 - (m - (1 - -45)) - 0 is divided by q.
11
Suppose 5*g - 70 = -5*h + 45, -4*g = 5*h - 96. What is the remainder when 151 is divided by g?
18
Suppose -2*f - 5*l + 0*l = -56, 0 = f + 5*l - 18. Let k(d) = d**2 - d + 4. What is the remainder when f is divided by k(3)?
8
Let b(v) = v**2 - 3*v - 15. Let z be b(6). What is the remainder when 6 is divided by 20/(-6)*z/(-2)?
1
Suppose 2*b = -0*b - 2*h, 24 = 4*b - 4*h. Suppose -4*s = -3*x + 4, 5*x = -b*s + s + 24. Suppose -y - 26 = -3*y. What is the remainder when y is divided by x?
1
Let s(r) = 11*r**2 + 7 + 3 + r**3 + 1 + 11*r. Let f be s(-10). What is the remainder when 1 is divided by f/(-2) + 12/8?
0
Suppose -73*h + 87*h - 1428 = 0. Calculate the remainder when 197 is divided by h.
95
Suppose -5*s = 5*n + 10, 2*n + 1 = -5*s + 3. Suppose -7*m + 3*w + 60 = -2*m, s*w = 0. Calculate the remainder when 59 is divided by m.
11
Let r = 18 + -16. Let m be -3 - (-6)/r - 13. Let c = m - -14. What is the remainder when 2 is divided by c?
0
Let s(z) = -z**3 + 3*z**2 + 4*z - 3. Let j be (1/3)/((-2)/(-24)). Let g be s(j). What is the remainder when ((-38)/(-6))/(g/(-9)) is divided by 11?
8
Suppose -33 = -4*u - 9. Let g(b) = -b**3 + 8*b**2 - 8*b - 3. Let z(i) = -4*i + 158. What is the remainder when z(30) is divided by g(u)?
17
Let i = -73 - -178. Calculate the remainder when i is divided by 37.
31
Suppose -h - 200 = -5*a - 73, 0 = -5*a + 4*h + 133. Suppose d - 4 = -a. Let v = -3 - d. Calculate the remainder when 69 is divided by v.
15
Let p(t) = 30*t**2 + t - 2. Let g be p(2). Suppose -2*k - 3*k = -g. Let d = 81 + -74. What is the remainder when k is divided by d?
3
Suppose 5*h + 21 = 8*h - 3*x, 2*h - 5*x - 2 = 0. What is the remainder when 63 is divided by h?
8
Let g = -217 - -231. What is the remainder when (-22)/(-1) - (0 + -2) is divided by g?
10
Let g(x) = -x + 16. Let i be g(-7). Suppose -s - 5*c = -c + i, -4*s + 2*c - 2 = 0. Calculate the remainder when 14 is divided by ((-15)/(-9))/((-1)/s).
4
Suppose 2*v + 12 = -38. Let y = -17 - v. What is the remainder when 46 is divided by (1 - 5)/((-2)/y)?
14
Suppose 3*l - 57 = 69. Let a(w) = -3*w + 78. Calculate the remainder when a(-15) is divided by l.
39
Suppose 2*r - h + 130 = 0, r - 2*h + 64 = -h. Calculate the remainder when 70 is divided by (-51)/(-2) + (r/12 - -5).
20
Calculate the remainder when 2/(16/(-6)*(-57)/31844) is divided by 15.
14
Let t(f) = f**3 - f + 1. What is the remainder when 61 is divided by t(2)?
5
Suppose 12 = -5*b + 82. Suppose -4*l + 0*l = -164. Suppose a + 4*d = l, -2*d + 123 = 3*a - 0*d. What is the remainder when a is divided by b?
13
Let o(h) = -h**3 + 6*h**2 + h - 3. Let a be o(6). Suppose u + a*s - 76 = -u, 5*s = -2*u + 68. Calculate the remainder when u is divided by 23 + 0/(4 + 0).
21
Suppose 3*m = -w - 296, -2*m - 3*m + 4*w - 499 = 0. Let u = m - -111. What is the remainder when u is divided by (-28)/(-3) + (-3)/9?
3
Let o(z) = -z + 20. Let m be o(11). What is the remainder when m*(20/12 - 1) is divided by 4?
2
Let g = -6 - -8. Suppose g*w - 12 = 3*w. Calculate the remainder when 56 is divided by (-105)/(-6) + w/(-8).
18
Suppose -525 - 339 = -18*h. What is the remainder when h is divided by 12?
0
Let h(d) be the first derivative of 10*d**3/3 + 9*d**2/2 - 4*d + 9. Let o be h(-4). Let m = 211 - o. Calculate the remainder when m is divided by 23.
22
Let g(u) = -2*u**2 - 63*u + 130. Calculate the remainder when g(-32) is divided by -2 + 21 + (-2)/(-2).
18
Calculate the remainder when (-48)/6 + (-1252)/(-1) is divided by 14.
12
Suppose 5*r = 13 - 3. Suppose s + r = 17. Let a = s - -68. What is the remainder when a is divided by 14?
13
Let b = 60 + 42. Suppose 5*c = 3*c - 2*m + b, 3*c + 2*m - 149 = 0. What is the remainder when 138 is divided by c?
44
Let n(d) = -3*d**2 + 14*d + 16. What is the remainder when n(5) is divided by 5?
1
Let c = -32 - -32. Suppose c = -f + 26 + 54. What is the remainder when f is divided by 21?
17
Suppose -127*b = -55*b - 5112. What is the remainder when b is divided by 19?
14
Let q(a) = 35*a**2 + a + 1. Let j be q(-1). Let l = -5346 - -5358. What is the remainder when j*1/2*2 is divided by l?
11
Suppose -826 = 14*z - 3934. What is the remainder when z is divided by 14?
12
Let t(u) = 13*u - 15. Let s be 2/7 + (-880)/(-56). What is the remainder when t(4) is divided by (-4 + -4)/(-2) + s?
17
Let c = -2 + 11. Let b(o) = 18 + 9*o**2 - 2*o**3 + 12*o - 7 + 0*o**3 + o**3. Calculate the remainder when b(10) is divided by c.
4
Let l(h) = -h**2 - 7*h - 7. Let v be l(-5). Let m be v + 0 + 18/(-1). What is the remainder when 77 is divided by 2/m + 302/15?
17
What is the remainder when 44 is divided by ((-171)/6)/((-6)/4)?
6
Suppose -3*v - 5*o = -217 - 18, v - 3*o = 69. Suppose 0*s + 65 = 3*x + 2*s, x = -4*s + 35. Calculate the remainder when v is divided by x.
18
Suppose -5*k + 5*i + 336 - 141 = 0, -4*k = 5*i - 120. Suppose 3*x = c + 12, -x = -2*c + 4*x - 26. Let v = k + c. Calculate the remainder when v is divided by 9.
8
What is the remainder when 994/18 - (430/(-90) + 5) is divided by 1/(((-9)/42)/(-3))?
13
Suppose -5*g + k = -21 - 263, 5*k - 260 = -5*g. Calculate the remainder when g is divided by 51.
5
Let u = 757 + -595. Calculate the remainder when u is divided by 79.
4
Suppose -b + 8 = 3. Suppose 7*p - 8 = b*p. What is the remainder when 20 is divided by (4 - 2 - -1) + p?
6
Suppose -5 = 2*g + 3*t - 7, -2 = -2*g + 4*t. Suppose -y + 3*y - 4 = 0. Suppose y*j - 2*w = 4, 4*j - w + 5*w = 16. What is the remainder when j is divided by g?
0
What is the remainder when 43 is divided b